valuate (1 - 4 - 2) + (-19 - -24) + 1.
1
Calculate (18 + -23 - -36) + -3.
28
What is the value of 8 - (3 + (-5 - (-6 + 0)) + 4)?
0
Evaluate -50 + 60 + -27 + 21.
4
-26 + 6 + -2 + -2 + 3
-21
What is 7 - (6 + 0 + -3 + -8)?
12
What is the value of -19 + (-23 - (13 - 49))?
-6
Evaluate 0 + 12 + (21 - 35).
-2
What is the value of 6 + (42 - 33) + -17?
-2
Calculate 13 - ((-21 - 12) + 25).
21
21 + -8 + 15 + -16
12
-20 + 6 + 3 + 3 + -12
-20
5 + 13 + -13 + 11
16
What is -1 + -9 + (22 + -11 - -9)?
10
Evaluate 4 - (-3 + -9 + 8 + 7) - -5.
6
Evaluate 4 + (-22 - (-13 - -3)).
-8
Evaluate -4 + 2 - (-15 + 14 + 4 + -7).
2
What is 6 - (17 + 2) - 6?
-19
Evaluate -32 - (4 - 16 - 9).
-11
What is 1 + 0 - 5 - (11 + -6 + 0)?
-9
Calculate 2 + -1 + 2 + (-38 - -34).
-1
What is (-10 - -9) + 5 + -18?
-14
What is the value of 16 - (-4 - (10 + -26))?
4
Calculate 1 + -14 - (404 + -431).
14
Evaluate 20 + (-24 - -11) + -1 + 7.
13
Calculate -4 - (3 - (-11 + 18 + 3 + 1)).
4
What is the value of -13 + 18 + -5 + -14?
-14
What is the value of (-294 - -305) + (-14 - -1)?
-2
Calculate -6 - (0 + (5 - 0) - (321 + -320)).
-10
-94 - -90 - (-16 + 0)
12
What is -17 + (-7 - -4) + 9?
-11
What is the value of (-12 - -9) + 11 + 5 - 17?
-4
-18 + (-3 - 3) + -7 + (14 - -5)
-12
7 + (3 - (-1 + 16 + (-4 - -7)))
-8
Calculate -22 + 8 + 4 + 4.
-6
What is 13 + -13 + -4 + (-6 - 3)?
-13
What is 3 + 5 + 16 - (-13 - -14)?
23
What is the value of (32 - 26) + 6 + 1 - 0?
13
What is (277 - 305) + (15 - 1)?
-14
What is (-12 - -7) + 7 - (2 - 7)?
7
Calculate 12 - -17 - 20 - (1 - -6 - 0).
2
2 + 1 + -2 + (3 - (8 - 5))
1
-3 - (-16 + 11 - (-1 + 1))
2
What is the value of 18 + -5 + 20 + -19?
14
What is (0 - 3 - -37 - (210 + -202)) + -1?
25
What is the value of -5 + (24 - 26) + 13?
6
(72 - (40 + -5)) + -50
-13
Evaluate 2 + -5 + (-5 - -11) + 3.
6
(0 + 2 + 5 - (-5 - -6)) + -8
-2
Calculate 2 + -1 + -10 - (87 + -203 + 85).
22
What is the value of 3 + 0 + -3 - 2?
-2
What is (-19 - -13 - (18 - 4)) + 9?
-11
Evaluate 8 + -1 + (1 + 6 - 4).
10
-8 + 2 - -2 - (-1 + -2)
-1
Evaluate -35 + 72 + 3 + -50.
-10
What is -4 - 3 - -5 - (1 + 9)?
-12
What is the value of 194 + -172 + (-3 + 1 - 6)?
14
Evaluate (-10 - -1) + 58 + -30.
19
What is -19 - -10 - (2 - (2 - (4 + -9)))?
-4
What is the value of (22 - 37) + -25 + 30?
-10
Evaluate 24 - (40 + -1) - -6.
-9
What is the value of 18 - (-26 + (-21 - -47) - (-7 + 1))?
12
Calculate 16 + -1 - (-12 + (-38 - -56)).
9
Evaluate 53 - (1 + -8 + 31).
29
What is the value of -19 - (2 + -1) - (-5412 - -5415)?
-23
1 - 7 - -16 - (-1 + 1)
10
What is the value of 0 + (-2 - (4 + -18))?
12
What is the value of 3 + -5 + (4 - 1 - (-24 - -25))?
0
Evaluate (-54 - (-15 + -10)) + 13.
-16
(-23 - 14 - -28) + 25
16
Calculate 52 + 0 + (518 - 546).
24
What is the value of 4 - 18 - (43 - 57) - -28?
28
What is the value of (-80 - -27 - -28) + 4 + -11 + -3?
-35
What is the value of (4 - (-3 - -22 - 4)) + -1?
-12
106 - 95 - (-3 + 6 + 1 - 3)
10
1 + -6 + -4 - (-110 + 98)
3
Evaluate -3 + 18 + 29 + -39.
5
What is the value of 10 + -11 + 9 + 1 + -2?
7
What is 1 - (-10 + 10 - 0) - -8?
9
-16 - (1 + (-5 - (3 + 0)))
-9
-4 - (26 + (-13 - 8) + 0 + 3)
-12
What is the value of 4 + (-13 - -7) + (-20 - -9) + 18?
5
-11 - -10 - 6 - (-1 + -17)
11
What is the value of (-5 - -2) + 20 - (545 + -535)?
7
Calculate (6 + 2 - 14) + 8 + -11.
-9
Calculate (3 - 8 - -13) + 0 + (-4 - 1).
3
3 + (11 + 11 - 25)
0
What is -7 + (-11 + -4 - -1) + 6?
-15
Calculate (1266 - 1278) + -7 + -1.
-20
Evaluate -23 + 24 + -4 + 1.
-2
What is -100 + 82 - (1 - 9 - (0 - 1))?
-11
Evaluate 10 + -7 + (-1 - -15 - 3) + -3.
11
What is the value of -10 + (29 - 6) + -1 + 0?
12
What is 3 - 34 - (167 + -177)?
-21
6 + -24 + 5 - (-12 - (3 + -6))
-4
0 + -18 - (215 - 232 - (-8 - -1))
-8
Evaluate -2 + (-2 - -15) + 143 + -143.
11
What is the value of -13 + 6 + (-2 - (7 - 19))?
3
Calculate -19 + -1 + (-12 - -6).
-26
-2 + -2 + 2 + (-15 - -9)
-8
Evaluate 40 + -57 - (1 - 9).
-9
Evaluate 10 + (1 - (7 + -12 - (1 + -11))).
6
Calculate 14 + (-1 + 4 - (13 + 15 + -17)).
6
-8 + -2 - ((40 - 4) + -14)
-32
19 + 1 + -17 + 26 - -1
30
What is -3 + -1 + 41 + -12 + -32?
-7
What is -9 + 13 + -14 - 6?
-16
Evaluate (3 - -5) + (0 - 1 - -4).
11
What is 9 + (-4 - -14) + (-9 - -3)?
13
Calculate -17 + 26 + -19 + 16.
6
Calculate -6 - (-1 - 25 - (-29 + 32 + -4)).
19
Evaluate 11 - 1 - 13 - -9.
6
(-14 - -6) + (10 - (28 - 9)) + -12
-29
What is the value of -5 + -1 - (-46 + 27 + 19)?
-6
What is the value of 10 + (-17 + 6 - (-6 + 8))?
-3
Evaluate (17 - 17) + 14 - 10.
4
What is -15 - (-31 - -19) - -17?
14
What is the value of -93 - -109 - (8 - -14)?
-6
What is -7 - (-2 - (25 + -13))?
7
Calculate (-13 - -15) + (33 + -25 - -6).
16
Calculate (20 - (-35 + 49)) + -34.
-28
Calculate -23 + 24 - 20 - -5.
-14
Calculate -3 + -5 + 22 + -11 + 1 + 0.
4
Calculate -610 + 595 + (2 - -15).
2
Calculate -20 - (14 + (1 - 10)).
-25
Evaluate -10 + 14 - 20 - -19.
3
Calculate -520 + 516 - (1 - -1 - (22 - 0)).
16
What is the value of -10 + 18 + 4 + -17?
-5
What is the value of -7 + (3 - -4) - -8?
8
7 - (0 + (0 - (10 - 6 - 2)))
9
What is the value of 5 + -2 + (-8 - -4)?
-1
Evaluate (-1 - -10 - 3) + -43 + 42.
5
Calculate -26 + 23 - (3 + 5) - -31.
20
What is the value of (-2 - -13) + -2 + (219 - 231)?
-3
Calculate -122 + 109 + 9 + -1.
-5
Evaluate (-22 - (-74 + 19)) + -22.
11
What is 35 + (-23 - -13) + -13?
12
Calculate 4 + -4 - (3 + (-1 - (2 + 15))).
15
Calculate (307 - 297) + 2 + 0 + -6.
6
What is (-16 - (-20 + 2)) + 11?
13
Evaluate 14 + 3 + 2 + 4 + -12 + 6.
17
What is -1 + -12 + 10 + -8 + -4?
-15
What is the value of -8 + 5 + 2 + -10?
-11
Evaluate -5 + (8 + -12 - 4) - (3 - -3).
-19
Evaluate (-2 - -2) + (-3 - (-8 - -3) - -1).
3
Calculate 1522 + -1567 - (1 - 32).
-14
12 + -10 + (-4 - (1 + -10))
7
-5 + 2 + -3 + (-2 - 2)
-10
10 + (-23 - (-29 - -7))
9
What is (-3 - 8) + 7 - (-12 + 1 + 0)?
7
What is -6 + ((3 - 5) + -1 - -7)?
-2
What is the value of (8 - 13) + 21 - (0 - -5)?
11
Calculate 10 - ((-7 - 8) + 7 + 0).
18
What is 3 + -4 + 0 - (-5 + -1 + 9)?
-4
What is the value of (20 + -10 - -1) + -8?
3
What is -1 - (19 - (-32 + 29))?
-23
Calculate 9 + 2 + 0 + -16 - 18.
-23
Calculate (33 + -9 - 27) + 1 + -8 - 11.
-21
What is 26 + -24 + 8 - (2 - -2)?
6
Evaluate -7 - (19 + -7 - (-2 + -1 + 3)).
-19
Evaluate -7 + 16 + -7 + -15.
-13
What is 3 - (6 + -13 + 9 + -2)?
3
What is the value of -5 + (-1 - 2) - -9 - (4 + -10)?
7
What is 22 + (1 - (14 + 9))?
0
Calculate (29 - (3 + 12)) + -6.
8
Calculate (-24 - -22) + (0 - -19) - 41.
-24
Evaluate 5 + -13 + -75 + 75 - 12.
-20
-3 - 0 - (-26 + 6) - 6
11
-55 - (-29 - -42 - 46)
-22
Calculate -3 + 17 + -2 - (-19 - -16).
15
Evaluate (-13 - (19 - 53)) + -40.
-19
What is 41 - (19 - (15 - 20))?
17
Evaluate 4 + 10 - 10 - 1 - 30.
-27
Calculate 1313 + -1339 - (1 + -46).
19
Evaluate 2 + 6 + 0 + -18 - 4.
-14
What is 1 + (-16 - -13) - 7 - 4?
-13
Evaluate 11 + 8 - 16 - (-1 + 18).
-14
Calculate 5 + 12 + 12 + -21.
8
What is the value of 33 + -38 - (7 + 0 + 0) - -7?
-5
Evaluate 20 - (8 - (-3 + 7)) - (-49 + 57).
8
What is the value of -8 - (-1 + 1 + (2 - 0) + -11)?
1
Calculate -8 + 6 - (-15 + 29 - 18).
2
(-42 + 98 - (0 + 8)) + -17
31
What is (-1 - -1 - 2) + -128 + 119 + -1?
-12
-1 + (14 - -2) - ((6 - 3) + 1)
11
Calculate 27 - (14 - (-15 + 20 - -11)).
29
What is the value of -15 - (19 + -16 + -14)?
-4
Calculate 9 - 21 - -15 - (11 - 0).
-8
Calculate 55 + -55 + (-1 + 0 - (-2 + 4)).
-3
Evaluate 3 - (-3 + 0) - ((3 - -6) + -3).
0
Calculate (-5 + 0 - 5) + 5 - 0 - 4.
-9
Evaluate (4 - 1) + (0 - (1 + 10 - -1)).
-9
33 + -36 + (-4 - -9 - 1)
1
Calculate -31 + -53 + 22 + 82.
20
What is 10 + -9 - (-5 - (-7 + 6))?
5
Evaluate -6 - 3 - (2 + -12).
1
Calculate -16 + (-6 - 2 - -2 - -14).
-8
Evaluate -16 + -34 + (4 - -25).
-21
Evaluate 26 + (-23 + 34 - 49).
-12
Calculate (1 - (-1 - -6)) + 33 + (-85 - -53).
-3
Calculate (-2 - (-2 + 3)) + (19 - 27) + 11.
0
What is the value of -14 + 24 + -7 - (-4 - -2)?
5
What is the value of (-5 - -22 - 16) + 12 + 6?
19
What is the value of -15 + (-6 - -22) + -1 + -14?
-14
What is -18 - (-11 - (-13 - -18))?
-2
What is (-20 - -15) + (0 - (-1 - -7)) + 2?
-9
Calculate 1 - -7 - (12 + -2 + -9 + 12).
-5
What is -14 - -1 - (-20 - -16)?
-9
Calculate -16 + -22 + 41 - (-7 + 1).
9
What is the value of -14 - (10 + 0 + -17)?
-7
What is the value of 15 + -